{"id":4351,"date":"2023-11-06T16:46:33","date_gmt":"2023-11-06T19:46:33","guid":{"rendered":"http:\/\/www.brunetimoveis.com.br\/site\/?post_type=cpt_imobiliaria&#038;p=4351"},"modified":"2024-01-03T17:10:28","modified_gmt":"2024-01-03T20:10:28","slug":"apartamento-no-edificio-santorini","status":"publish","type":"cpt_imobiliaria","link":"http:\/\/www.brunetimoveis.com.br\/site\/imobiliaria\/apartamento-no-edificio-santorini\/","title":{"rendered":"Apartamento no edif\u00edcio Santorini"},"content":{"rendered":"<p>Apartamento de 1 dormit\u00f3rio no edif\u00edcio Santorini.<br \/>\n-Sala e cozinha integradas.<br \/>\n-Sacada<br \/>\n-Su\u00edte<br \/>\n-Piscina e sal\u00e3o de festas.<br \/>\n-1 vaga de garagem.<\/p>\n","protected":false},"template":"","tags":[],"tax_imovel_finalidade":[2],"tax_imovel_cidade":[7],"tax_imovel_opcoes":[12,18,9,19,17],"class_list":["post-4351","cpt_imobiliaria","type-cpt_imobiliaria","status-publish","hentry","tax_imovel_finalidade-venda","tax_imovel_tipo-apartamentos","tax_imovel_cidade-santana-do-livramento","tax_imovel_opcoes-elevador","tax_imovel_opcoes-moveis-sob-medida","tax_imovel_opcoes-piscina","tax_imovel_opcoes-sacada","tax_imovel_opcoes-suite"],"_links":{"self":[{"href":"http:\/\/www.brunetimoveis.com.br\/site\/wp-json\/wp\/v2\/imobiliaria\/4351","targetHints":{"allow":["GET"]}}],"collection":[{"href":"http:\/\/www.brunetimoveis.com.br\/site\/wp-json\/wp\/v2\/imobiliaria"}],"about":[{"href":"http:\/\/www.brunetimoveis.com.br\/site\/wp-json\/wp\/v2\/types\/cpt_imobiliaria"}],"wp:attachment":[{"href":"http:\/\/www.brunetimoveis.com.br\/site\/wp-json\/wp\/v2\/media?parent=4351"}],"wp:term":[{"taxonomy":"post_tag","embeddable":true,"href":"http:\/\/www.brunetimoveis.com.br\/site\/wp-json\/wp\/v2\/tags?post=4351"},{"taxonomy":"tax_imovel_finalidade","embeddable":true,"href":"http:\/\/www.brunetimoveis.com.br\/site\/wp-json\/wp\/v2\/tax_imovel_finalidade?post=4351"},{"taxonomy":"tax_imovel_cidade","embeddable":true,"href":"http:\/\/www.brunetimoveis.com.br\/site\/wp-json\/wp\/v2\/tax_imovel_cidade?post=4351"},{"taxonomy":"tax_imovel_opcoes","embeddable":true,"href":"http:\/\/www.brunetimoveis.com.br\/site\/wp-json\/wp\/v2\/tax_imovel_opcoes?post=4351"}],"curies":[{"name":"wp","href":"https:\/\/api.w.org\/{rel}","templated":true}]}}

Apartamento no edifício Santorini

<p>Apartamento de 1 dormitório no edifício Santorini.<br />
-Sala e cozinha integradas.<br />
-Sacada<br />
-Suíte<br />
-Piscina e salão de festas.<br />
-1 vaga de garagem.</p>
