{"id":6132,"date":"2025-02-09T21:25:42","date_gmt":"2025-02-10T00:25:42","guid":{"rendered":"http:\/\/www.brunetimoveis.com.br\/site\/?post_type=cpt_imobiliaria&#038;p=6132"},"modified":"2025-02-09T21:25:42","modified_gmt":"2025-02-10T00:25:42","slug":"oportunidade-imperdivel-no-ed-castro-alves-2-dorm-com-patio-e-semi-mobiliado","status":"publish","type":"cpt_imobiliaria","link":"http:\/\/www.brunetimoveis.com.br\/site\/imobiliaria\/oportunidade-imperdivel-no-ed-castro-alves-2-dorm-com-patio-e-semi-mobiliado\/","title":{"rendered":"Oportunidade Imperd\u00edvel no Ed. Castro Alves- 2 dorm com p\u00e1tio e semi- mobiliado !"},"content":{"rendered":"<p>? Oportunidade Imperd\u00edvel no Ed. Castro Alves- 2 dorm com p\u00e1tio e semi- mobiliado !<\/p>\n<p>Pr\u00f3ximo \u00e0 Pra\u00e7a Artigas e a poucos minutos do centro da cidade.<\/p>\n<p>? Aconchegante e Semi-Mobiliado:<br \/>\n&#8211; 2 Dormit\u00f3rios ??<br \/>\n&#8211; Sala espa\u00e7osa ?<br \/>\n&#8211; Sacada charmosa ?<br \/>\n&#8211; Cozinha com m\u00f3veis planejados ?<br \/>\n&#8211; P\u00e1tio privativo ?<br \/>\n&#8211; Ar condicionado \u2744<br \/>\n&#8211; 1 Box de garagem ?<\/p>\n<p>? Condom\u00ednio Completo:<br \/>\n&#8211; Piscina refrescante ?\u200d\u2642<br \/>\n&#8211; Sal\u00e3o de festas ?<br \/>\n&#8211; Playground para os pequenos ?\u200d\u2640<\/p>\n<p>Este apartamento \u00e9 perfeito para quem busca conforto e praticidade. Agende sua visita agora mesmo e transforme este espa\u00e7o no seu novo lar! ??<\/p>\n","protected":false},"template":"","tags":[],"tax_imovel_finalidade":[2],"tax_imovel_cidade":[7],"tax_imovel_opcoes":[],"class_list":["post-6132","cpt_imobiliaria","type-cpt_imobiliaria","status-publish","hentry","tax_imovel_finalidade-venda","tax_imovel_tipo-apartamentos","tax_imovel_cidade-santana-do-livramento"],"_links":{"self":[{"href":"http:\/\/www.brunetimoveis.com.br\/site\/wp-json\/wp\/v2\/imobiliaria\/6132","targetHints":{"allow":["GET"]}}],"collection":[{"href":"http:\/\/www.brunetimoveis.com.br\/site\/wp-json\/wp\/v2\/imobiliaria"}],"about":[{"href":"http:\/\/www.brunetimoveis.com.br\/site\/wp-json\/wp\/v2\/types\/cpt_imobiliaria"}],"wp:attachment":[{"href":"http:\/\/www.brunetimoveis.com.br\/site\/wp-json\/wp\/v2\/media?parent=6132"}],"wp:term":[{"taxonomy":"post_tag","embeddable":true,"href":"http:\/\/www.brunetimoveis.com.br\/site\/wp-json\/wp\/v2\/tags?post=6132"},{"taxonomy":"tax_imovel_finalidade","embeddable":true,"href":"http:\/\/www.brunetimoveis.com.br\/site\/wp-json\/wp\/v2\/tax_imovel_finalidade?post=6132"},{"taxonomy":"tax_imovel_cidade","embeddable":true,"href":"http:\/\/www.brunetimoveis.com.br\/site\/wp-json\/wp\/v2\/tax_imovel_cidade?post=6132"},{"taxonomy":"tax_imovel_opcoes","embeddable":true,"href":"http:\/\/www.brunetimoveis.com.br\/site\/wp-json\/wp\/v2\/tax_imovel_opcoes?post=6132"}],"curies":[{"name":"wp","href":"https:\/\/api.w.org\/{rel}","templated":true}]}}

Oportunidade Imperdível no Ed. Castro Alves- 2 dorm com pátio e semi- mobiliado !

<p>? Oportunidade Imperdível no Ed. Castro Alves- 2 dorm com pátio e semi- mobiliado !</p>
<p>Próximo à Praça Artigas e a poucos minutos do centro da cidade.</p>
<p>? Aconchegante e Semi-Mobiliado:<br />
&#8211; 2 Dormitórios ??<br />
&#8211; Sala espaçosa ?<br />
&#8211; Sacada charmosa ?<br />
&#8211; Cozinha com móveis planejados ?<br />
&#8211; Pátio privativo ?<br />
&#8211; Ar condicionado ❄<br />
&#8211; 1 Box de garagem ?</p>
<p>? Condomínio Completo:<br />
&#8211; Piscina refrescante ?‍♂<br />
&#8211; Salão de festas ?<br />
&#8211; Playground para os pequenos ?‍♀</p>
<p>Este apartamento é perfeito para quem busca conforto e praticidade. Agende sua visita agora mesmo e transforme este espaço no seu novo lar! ??</p>
