{"id":6342,"date":"2025-03-24T10:23:26","date_gmt":"2025-03-24T13:23:26","guid":{"rendered":"http:\/\/www.brunetimoveis.com.br\/site\/?post_type=cpt_imobiliaria&#038;p=6342"},"modified":"2025-03-24T11:34:14","modified_gmt":"2025-03-24T14:34:14","slug":"excelente-imovel-comercial-na-rua-vigario-jobim","status":"publish","type":"cpt_imobiliaria","link":"http:\/\/www.brunetimoveis.com.br\/site\/imobiliaria\/excelente-imovel-comercial-na-rua-vigario-jobim\/","title":{"rendered":"Excelente Im\u00f3vel Comercial na Rua Vig\u00e1rio Jobim"},"content":{"rendered":"<p> Excelente Im\u00f3vel Comercial na Rua Vig\u00e1rio Jobim<\/p>\n<p>Est\u00e1 em busca de um espa\u00e7o estrat\u00e9gico para o seu neg\u00f3cio? Temos a solu\u00e7\u00e3o perfeita para voc\u00ea! Apresentamos um im\u00f3vel com 3-GALP\u00d5ES e uma \u00e1rea total de -205m\u00b2, ideal para variados tipos de empreendimentos.<\/p>\n<p>Caracter\u00edsticas do Im\u00f3vel:<\/p>\n<p>&#8211; 3 Galp\u00f5es Amplos:* Perfeitos para armazenamento, oficinas, ou outros tipos de atividades comerciais.<br \/>\n&#8211; Localiza\u00e7\u00e3o Estrat\u00e9gica: Situado na Rua Vig\u00e1rio Jobim, a menos de 1 quadra da Av. Tamandar\u00e9 e pr\u00f3ximo \u00e0 linha divis\u00f3ria, garantindo f\u00e1cil acesso e visibilidade.<br \/>\n&#8211; P\u00e1tio Espa\u00e7oso: \u00c1rea externa que facilita a movimenta\u00e7\u00e3o de cargas, estacionamento ou outras necessidades log\u00edsticas.<br \/>\n&#8211; Localiza\u00e7\u00e3o: A poucos metros da linha divis\u00f3ria e Avenida Tamandar\u00e9.<\/p>\n<p>Oportunidade \u00danica: Im\u00f3vel que oferece praticidade e excelente localiza\u00e7\u00e3o.<\/p>\n","protected":false},"template":"","tags":[],"tax_imovel_finalidade":[3],"tax_imovel_cidade":[7],"tax_imovel_opcoes":[],"class_list":["post-6342","cpt_imobiliaria","type-cpt_imobiliaria","status-publish","hentry","tax_imovel_finalidade-aluguel","tax_imovel_tipo-salas","tax_imovel_cidade-santana-do-livramento"],"_links":{"self":[{"href":"http:\/\/www.brunetimoveis.com.br\/site\/wp-json\/wp\/v2\/imobiliaria\/6342","targetHints":{"allow":["GET"]}}],"collection":[{"href":"http:\/\/www.brunetimoveis.com.br\/site\/wp-json\/wp\/v2\/imobiliaria"}],"about":[{"href":"http:\/\/www.brunetimoveis.com.br\/site\/wp-json\/wp\/v2\/types\/cpt_imobiliaria"}],"wp:attachment":[{"href":"http:\/\/www.brunetimoveis.com.br\/site\/wp-json\/wp\/v2\/media?parent=6342"}],"wp:term":[{"taxonomy":"post_tag","embeddable":true,"href":"http:\/\/www.brunetimoveis.com.br\/site\/wp-json\/wp\/v2\/tags?post=6342"},{"taxonomy":"tax_imovel_finalidade","embeddable":true,"href":"http:\/\/www.brunetimoveis.com.br\/site\/wp-json\/wp\/v2\/tax_imovel_finalidade?post=6342"},{"taxonomy":"tax_imovel_cidade","embeddable":true,"href":"http:\/\/www.brunetimoveis.com.br\/site\/wp-json\/wp\/v2\/tax_imovel_cidade?post=6342"},{"taxonomy":"tax_imovel_opcoes","embeddable":true,"href":"http:\/\/www.brunetimoveis.com.br\/site\/wp-json\/wp\/v2\/tax_imovel_opcoes?post=6342"}],"curies":[{"name":"wp","href":"https:\/\/api.w.org\/{rel}","templated":true}]}}

Excelente Imóvel Comercial na Rua Vigário Jobim

<p> Excelente Imóvel Comercial na Rua Vigário Jobim</p>
<p>Está em busca de um espaço estratégico para o seu negócio? Temos a solução perfeita para você! Apresentamos um imóvel com 3-GALPÕES e uma área total de -205m², ideal para variados tipos de empreendimentos.</p>
<p>Características do Imóvel:</p>
<p>&#8211; 3 Galpões Amplos:* Perfeitos para armazenamento, oficinas, ou outros tipos de atividades comerciais.<br />
&#8211; Localização Estratégica: Situado na Rua Vigário Jobim, a menos de 1 quadra da Av. Tamandaré e próximo à linha divisória, garantindo fácil acesso e visibilidade.<br />
&#8211; Pátio Espaçoso: Área externa que facilita a movimentação de cargas, estacionamento ou outras necessidades logísticas.<br />
&#8211; Localização: A poucos metros da linha divisória e Avenida Tamandaré.</p>
<p>Oportunidade Única: Imóvel que oferece praticidade e excelente localização.</p>
