{"id":6352,"date":"2025-03-24T10:47:47","date_gmt":"2025-03-24T13:47:47","guid":{"rendered":"http:\/\/www.brunetimoveis.com.br\/site\/?post_type=cpt_imobiliaria&#038;p=6352"},"modified":"2025-03-24T10:57:32","modified_gmt":"2025-03-24T13:57:32","slug":"galpao-imovel-comercial-na-rua-vigario-jobim-a-poucos-metros-da-av-tamandare","status":"publish","type":"cpt_imobiliaria","link":"http:\/\/www.brunetimoveis.com.br\/site\/imobiliaria\/galpao-imovel-comercial-na-rua-vigario-jobim-a-poucos-metros-da-av-tamandare\/","title":{"rendered":"Galp\u00e3o &#8211; Im\u00f3vel Comercial na Rua Vig\u00e1rio Jobim a poucos metros da Av. Tamandar\u00e9"},"content":{"rendered":"<p>Certamente! Aqui est\u00e1 um exemplo de an\u00fancio para o galp\u00e3o comercial:<\/p>\n<p>Para Loca\u00e7\u00e3o: Amplo Galp\u00e3o Comercial com Sobre Loja<\/p>\n<p>Localiza\u00e7\u00e3o privilegiada na Rua Vig\u00e1rio Jobim, a apenas meia quadra da Av. Tamandar\u00e9 e pr\u00f3ximo \u00e0 linha divis\u00f3ria. Este galp\u00e3o \u00e9 ideal para empresas que buscam espa\u00e7o e acessibilidade.<\/p>\n<p>&#8211; \u00c1rea Total: 470,93 m\u00b2<\/p>\n<p>Destaques do Im\u00f3vel:<br \/>\n  &#8211; Amplo espa\u00e7o para diversas finalidades comerciais<br \/>\n  &#8211; Estrutura que conta com sobre loja, proporcionando flexibilidade de layout<br \/>\n  &#8211; Localiza\u00e7\u00e3o estrat\u00e9gica com f\u00e1cil acesso e a poucos metros da a linha divis\u00f3ria e Avenida Tamandar\u00e9.<br \/>\n  &#8211; Perfeito para mercados, showrooms, oficinas, centros de distribui\u00e7\u00e3o ou dep\u00f3sitos<\/p>\n<p>Agende uma visita e venha conhecer este espa\u00e7o que pode ser o novo endere\u00e7o do seu neg\u00f3cio!<\/p>\n","protected":false},"template":"","tags":[],"tax_imovel_finalidade":[3],"tax_imovel_cidade":[7],"tax_imovel_opcoes":[],"class_list":["post-6352","cpt_imobiliaria","type-cpt_imobiliaria","status-publish","hentry","tax_imovel_finalidade-aluguel","tax_imovel_tipo-salas","tax_imovel_cidade-santana-do-livramento"],"_links":{"self":[{"href":"http:\/\/www.brunetimoveis.com.br\/site\/wp-json\/wp\/v2\/imobiliaria\/6352","targetHints":{"allow":["GET"]}}],"collection":[{"href":"http:\/\/www.brunetimoveis.com.br\/site\/wp-json\/wp\/v2\/imobiliaria"}],"about":[{"href":"http:\/\/www.brunetimoveis.com.br\/site\/wp-json\/wp\/v2\/types\/cpt_imobiliaria"}],"wp:attachment":[{"href":"http:\/\/www.brunetimoveis.com.br\/site\/wp-json\/wp\/v2\/media?parent=6352"}],"wp:term":[{"taxonomy":"post_tag","embeddable":true,"href":"http:\/\/www.brunetimoveis.com.br\/site\/wp-json\/wp\/v2\/tags?post=6352"},{"taxonomy":"tax_imovel_finalidade","embeddable":true,"href":"http:\/\/www.brunetimoveis.com.br\/site\/wp-json\/wp\/v2\/tax_imovel_finalidade?post=6352"},{"taxonomy":"tax_imovel_cidade","embeddable":true,"href":"http:\/\/www.brunetimoveis.com.br\/site\/wp-json\/wp\/v2\/tax_imovel_cidade?post=6352"},{"taxonomy":"tax_imovel_opcoes","embeddable":true,"href":"http:\/\/www.brunetimoveis.com.br\/site\/wp-json\/wp\/v2\/tax_imovel_opcoes?post=6352"}],"curies":[{"name":"wp","href":"https:\/\/api.w.org\/{rel}","templated":true}]}}

Galpão &#8211; Imóvel Comercial na Rua Vigário Jobim a poucos metros da Av. Tamandaré

<p>Certamente! Aqui está um exemplo de anúncio para o galpão comercial:</p>
<p>Para Locação: Amplo Galpão Comercial com Sobre Loja</p>
<p>Localização privilegiada na Rua Vigário Jobim, a apenas meia quadra da Av. Tamandaré e próximo à linha divisória. Este galpão é ideal para empresas que buscam espaço e acessibilidade.</p>
<p>&#8211; Área Total: 470,93 m²</p>
<p>Destaques do Imóvel:<br />
  &#8211; Amplo espaço para diversas finalidades comerciais<br />
  &#8211; Estrutura que conta com sobre loja, proporcionando flexibilidade de layout<br />
  &#8211; Localização estratégica com fácil acesso e a poucos metros da a linha divisória e Avenida Tamandaré.<br />
  &#8211; Perfeito para mercados, showrooms, oficinas, centros de distribuição ou depósitos</p>
<p>Agende uma visita e venha conhecer este espaço que pode ser o novo endereço do seu negócio!</p>
