{"id":6463,"date":"2025-04-28T16:02:03","date_gmt":"2025-04-28T19:02:03","guid":{"rendered":"http:\/\/www.brunetimoveis.com.br\/site\/?post_type=cpt_imobiliaria&#038;p=6463"},"modified":"2025-06-26T17:56:29","modified_gmt":"2025-06-26T20:56:29","slug":"galpao-comercial-disponivel-para-locacao-na-br","status":"publish","type":"cpt_imobiliaria","link":"http:\/\/www.brunetimoveis.com.br\/site\/imobiliaria\/galpao-comercial-disponivel-para-locacao-na-br\/","title":{"rendered":"Galp\u00e3o comercial dispon\u00edvel para loca\u00e7\u00e3o na BR"},"content":{"rendered":"<p>Galp\u00e3o comercial dispon\u00edvel para loca\u00e7\u00e3o na BR<br \/>\n-Localizado na BR ao lado do atacad\u00e3o;<br \/>\n-Entregam o galp\u00e3o desocupado;<br \/>\n-Valor do aluguel: R$17.000<\/p>\n","protected":false},"template":"","tags":[],"tax_imovel_finalidade":[3],"tax_imovel_cidade":[7],"tax_imovel_opcoes":[],"class_list":["post-6463","cpt_imobiliaria","type-cpt_imobiliaria","status-publish","hentry","tax_imovel_finalidade-aluguel","tax_imovel_tipo-predio-comercial","tax_imovel_cidade-santana-do-livramento"],"_links":{"self":[{"href":"http:\/\/www.brunetimoveis.com.br\/site\/wp-json\/wp\/v2\/imobiliaria\/6463","targetHints":{"allow":["GET"]}}],"collection":[{"href":"http:\/\/www.brunetimoveis.com.br\/site\/wp-json\/wp\/v2\/imobiliaria"}],"about":[{"href":"http:\/\/www.brunetimoveis.com.br\/site\/wp-json\/wp\/v2\/types\/cpt_imobiliaria"}],"wp:attachment":[{"href":"http:\/\/www.brunetimoveis.com.br\/site\/wp-json\/wp\/v2\/media?parent=6463"}],"wp:term":[{"taxonomy":"post_tag","embeddable":true,"href":"http:\/\/www.brunetimoveis.com.br\/site\/wp-json\/wp\/v2\/tags?post=6463"},{"taxonomy":"tax_imovel_finalidade","embeddable":true,"href":"http:\/\/www.brunetimoveis.com.br\/site\/wp-json\/wp\/v2\/tax_imovel_finalidade?post=6463"},{"taxonomy":"tax_imovel_cidade","embeddable":true,"href":"http:\/\/www.brunetimoveis.com.br\/site\/wp-json\/wp\/v2\/tax_imovel_cidade?post=6463"},{"taxonomy":"tax_imovel_opcoes","embeddable":true,"href":"http:\/\/www.brunetimoveis.com.br\/site\/wp-json\/wp\/v2\/tax_imovel_opcoes?post=6463"}],"curies":[{"name":"wp","href":"https:\/\/api.w.org\/{rel}","templated":true}]}}

Galpão comercial disponível para locação na BR

<p>Galpão comercial disponível para locação na BR<br />
-Localizado na BR ao lado do atacadão;<br />
-Entregam o galpão desocupado;<br />
-Valor do aluguel: R$17.000</p>
