{"id":6791,"date":"2025-07-29T17:10:20","date_gmt":"2025-07-29T20:10:20","guid":{"rendered":"https:\/\/www.brunetimoveis.com.br\/site\/?post_type=cpt_imobiliaria&#038;p=6791"},"modified":"2025-07-29T17:10:20","modified_gmt":"2025-07-29T20:10:20","slug":"apartamento-a-venda-residencial-castro-alves-2-dormitorios","status":"publish","type":"cpt_imobiliaria","link":"http:\/\/www.brunetimoveis.com.br\/site\/imobiliaria\/apartamento-a-venda-residencial-castro-alves-2-dormitorios\/","title":{"rendered":"Apartamento \u00e0 Venda \u2013 Residencial Castro Alves (2 dormit\u00f3rios)"},"content":{"rendered":"<p>Apartamento \u00e0 Venda \u2013 Residencial Castro Alves<br \/>\n\t\u2022\t\ud83d\udccd Localizado no Residencial Castro Alves<br \/>\n\t\u2022\t\ud83d\udecf\ufe0f 2 dormit\u00f3rios bem distribu\u00eddos<br \/>\n\t\u2022\t\ud83c\udf05 Vista privilegiada<br \/>\n\t\u2022\t\ud83d\udecb\ufe0f Sala de estar com sacada e churrasqueira<br \/>\n\t\u2022\t\ud83c\udf7d\ufe0f Cozinha com m\u00f3veis sob medida, funcional e moderna<br \/>\n\t\u2022\t\ud83d\udebf Banheiro planejado com \u00f3timo acabamento<br \/>\n\t\u2022\t\ud83d\udecf\ufe0f Quarto com arm\u00e1rios sob medida<br \/>\n\t\u2022\t\ud83d\ude97 Box de garagem privativo<br \/>\n\t\u2022\t\ud83c\udfe2 Pr\u00e9dio com infraestrutura completa: sal\u00e3o de festas, elevador, piscina e \u00e1rea kids<br \/>\n\t\u2022\t\ud83d\udcd0 Excelente aproveitamento de espa\u00e7o<br \/>\n\t\u2022\t\ud83d\udcb0 Valor: R$ 520.000,00<\/p>\n","protected":false},"template":"","tags":[],"tax_imovel_finalidade":[2],"tax_imovel_cidade":[7],"tax_imovel_opcoes":[10,12,18,9,19],"class_list":["post-6791","cpt_imobiliaria","type-cpt_imobiliaria","status-publish","hentry","tax_imovel_finalidade-venda","tax_imovel_tipo-apartamentos","tax_imovel_cidade-santana-do-livramento","tax_imovel_opcoes-churrasqueira","tax_imovel_opcoes-elevador","tax_imovel_opcoes-moveis-sob-medida","tax_imovel_opcoes-piscina","tax_imovel_opcoes-sacada"],"_links":{"self":[{"href":"http:\/\/www.brunetimoveis.com.br\/site\/wp-json\/wp\/v2\/imobiliaria\/6791","targetHints":{"allow":["GET"]}}],"collection":[{"href":"http:\/\/www.brunetimoveis.com.br\/site\/wp-json\/wp\/v2\/imobiliaria"}],"about":[{"href":"http:\/\/www.brunetimoveis.com.br\/site\/wp-json\/wp\/v2\/types\/cpt_imobiliaria"}],"wp:attachment":[{"href":"http:\/\/www.brunetimoveis.com.br\/site\/wp-json\/wp\/v2\/media?parent=6791"}],"wp:term":[{"taxonomy":"post_tag","embeddable":true,"href":"http:\/\/www.brunetimoveis.com.br\/site\/wp-json\/wp\/v2\/tags?post=6791"},{"taxonomy":"tax_imovel_finalidade","embeddable":true,"href":"http:\/\/www.brunetimoveis.com.br\/site\/wp-json\/wp\/v2\/tax_imovel_finalidade?post=6791"},{"taxonomy":"tax_imovel_cidade","embeddable":true,"href":"http:\/\/www.brunetimoveis.com.br\/site\/wp-json\/wp\/v2\/tax_imovel_cidade?post=6791"},{"taxonomy":"tax_imovel_opcoes","embeddable":true,"href":"http:\/\/www.brunetimoveis.com.br\/site\/wp-json\/wp\/v2\/tax_imovel_opcoes?post=6791"}],"curies":[{"name":"wp","href":"https:\/\/api.w.org\/{rel}","templated":true}]}}

Apartamento à Venda – Residencial Castro Alves (2 dormitórios)

<p>Apartamento à Venda – Residencial Castro Alves<br />
	•	📍 Localizado no Residencial Castro Alves<br />
	•	🛏️ 2 dormitórios bem distribuídos<br />
	•	🌅 Vista privilegiada<br />
	•	🛋️ Sala de estar com sacada e churrasqueira<br />
	•	🍽️ Cozinha com móveis sob medida, funcional e moderna<br />
	•	🚿 Banheiro planejado com ótimo acabamento<br />
	•	🛏️ Quarto com armários sob medida<br />
	•	🚗 Box de garagem privativo<br />
	•	🏢 Prédio com infraestrutura completa: salão de festas, elevador, piscina e área kids<br />
	•	📐 Excelente aproveitamento de espaço<br />
	•	💰 Valor: R$ 520.000,00</p>
