{"id":7120,"date":"2025-09-29T18:26:22","date_gmt":"2025-09-29T21:26:22","guid":{"rendered":"https:\/\/www.brunetimoveis.com.br\/site\/?post_type=cpt_imobiliaria&#038;p=7120"},"modified":"2025-10-31T16:40:24","modified_gmt":"2025-10-31T19:40:24","slug":"ed-garden-apartamento-dois-dormitorios","status":"publish","type":"cpt_imobiliaria","link":"http:\/\/www.brunetimoveis.com.br\/site\/imobiliaria\/ed-garden-apartamento-dois-dormitorios\/","title":{"rendered":"Ed. Garden- Apartamento dois dormit\u00f3rios"},"content":{"rendered":"<p>Apartamento \u00e0 venda no Edif\u00edcio Garden \u2013 Santana do Livramento<br \/>\nEsse im\u00f3vel conta com:<br \/>\n\u2728 2 dormit\u00f3rios<br \/>\n\u2728 Cozinha integrada com a sala<br \/>\n\u2728 Banheiro moderno e funcional<\/p>\n<p>\ud83d\udccd Localizado na Rua Rivadavia Corr\u00eaa, uma das principais de Santana do Livramento, o Edif\u00edcio Garden oferece uma infraestrutura completa de condom\u00ednio:<br \/>\n\ud83c\udfca\u200d\u2642\ufe0f Piscina<br \/>\n\ud83c\udfcb\ufe0f\u200d\u2640\ufe0f Academia<br \/>\n\ud83c\udf89 Sal\u00e3o de Festas<\/p>\n<p>Valor do investimento R$580.000<\/p>\n<p>O espa\u00e7o ideal para viver com conforto, praticidade e estilo!<br \/>\n\ud83d\udcde Entre em contato para saber mais ou agendar uma visita.<\/p>\n","protected":false},"template":"","tags":[],"tax_imovel_finalidade":[2],"tax_imovel_cidade":[7],"tax_imovel_opcoes":[12,9],"class_list":["post-7120","cpt_imobiliaria","type-cpt_imobiliaria","status-publish","hentry","tax_imovel_finalidade-venda","tax_imovel_tipo-apartamentos","tax_imovel_cidade-santana-do-livramento","tax_imovel_opcoes-elevador","tax_imovel_opcoes-piscina"],"_links":{"self":[{"href":"http:\/\/www.brunetimoveis.com.br\/site\/wp-json\/wp\/v2\/imobiliaria\/7120","targetHints":{"allow":["GET"]}}],"collection":[{"href":"http:\/\/www.brunetimoveis.com.br\/site\/wp-json\/wp\/v2\/imobiliaria"}],"about":[{"href":"http:\/\/www.brunetimoveis.com.br\/site\/wp-json\/wp\/v2\/types\/cpt_imobiliaria"}],"wp:attachment":[{"href":"http:\/\/www.brunetimoveis.com.br\/site\/wp-json\/wp\/v2\/media?parent=7120"}],"wp:term":[{"taxonomy":"post_tag","embeddable":true,"href":"http:\/\/www.brunetimoveis.com.br\/site\/wp-json\/wp\/v2\/tags?post=7120"},{"taxonomy":"tax_imovel_finalidade","embeddable":true,"href":"http:\/\/www.brunetimoveis.com.br\/site\/wp-json\/wp\/v2\/tax_imovel_finalidade?post=7120"},{"taxonomy":"tax_imovel_cidade","embeddable":true,"href":"http:\/\/www.brunetimoveis.com.br\/site\/wp-json\/wp\/v2\/tax_imovel_cidade?post=7120"},{"taxonomy":"tax_imovel_opcoes","embeddable":true,"href":"http:\/\/www.brunetimoveis.com.br\/site\/wp-json\/wp\/v2\/tax_imovel_opcoes?post=7120"}],"curies":[{"name":"wp","href":"https:\/\/api.w.org\/{rel}","templated":true}]}}

Ed. Garden- Apartamento dois dormitórios

<p>Apartamento à venda no Edifício Garden – Santana do Livramento<br />
Esse imóvel conta com:<br />
✨ 2 dormitórios<br />
✨ Cozinha integrada com a sala<br />
✨ Banheiro moderno e funcional</p>
<p>📍 Localizado na Rua Rivadavia Corrêa, uma das principais de Santana do Livramento, o Edifício Garden oferece uma infraestrutura completa de condomínio:<br />
🏊‍♂️ Piscina<br />
🏋️‍♀️ Academia<br />
🎉 Salão de Festas</p>
<p>Valor do investimento R$580.000</p>
<p>O espaço ideal para viver com conforto, praticidade e estilo!<br />
📞 Entre em contato para saber mais ou agendar uma visita.</p>
