{"id":7613,"date":"2025-11-25T15:10:20","date_gmt":"2025-11-25T18:10:20","guid":{"rendered":"https:\/\/www.brunetimoveis.com.br\/site\/?post_type=cpt_imobiliaria&#038;p=7613"},"modified":"2025-11-25T15:10:20","modified_gmt":"2025-11-25T18:10:20","slug":"%e2%9c%a8-apartamento-2-dormitorios-edificio-castro-alves-%e2%9c%a8","status":"publish","type":"cpt_imobiliaria","link":"http:\/\/www.brunetimoveis.com.br\/site\/imobiliaria\/%e2%9c%a8-apartamento-2-dormitorios-edificio-castro-alves-%e2%9c%a8\/","title":{"rendered":"\u2728 Apartamento 2 Dormit\u00f3rios \u2013 Edif\u00edcio Castro Alves \u2728"},"content":{"rendered":"<p>\u2728 Apartamento 2 Dormit\u00f3rios \u2013 Edif\u00edcio Castro Alves \u2728<\/p>\n<p>Excelente oportunidade para morar ou investir!<br \/>\nApartamento com:<br \/>\n\u2705 2 dormit\u00f3rios<br \/>\n\u2705 Cozinha com arm\u00e1rios planejados<br \/>\n\u2705 \u00c1rea de servi\u00e7o<br \/>\n\u2705 Banheiro mobiliado<br \/>\n\u2705 Sala de estar\/jantar com lareira<br \/>\n\u2705 Sacada com churrasqueira<\/p>\n<p>\ud83d\udccd Localizado no Edif\u00edcio Castro Alves. Apartamentos do pr\u00e9dio tem intensa procura, por se tratar de um pr\u00e9dio residencial e com ampla  infraestrutura de condom\u00ednio; <\/p>\n<p>\ud83d\udcb0 Excelente aquisi\u00e7\u00e3o para investidores: j\u00e1 est\u00e1 alugado por um \u00f3timo valor, garantindo rentabilidade imediata!<\/p>\n<p>\ud83d\udc49 Agende j\u00e1 sua visita e conhe\u00e7a este im\u00f3vel que une conforto, praticidade e retorno financeiro!<br \/>\n\u260e Ligue e agende sua visita:<br \/>\nWhatsapp:<br \/>\n(55) 99982-1214 | Pablo Brunet<br \/>\n(55) 98419-0094| Kateline Gomes<br \/>\n(55) 99705-4202 | Andr\u00e9 Castro<\/p>\n","protected":false},"template":"","tags":[],"tax_imovel_finalidade":[2],"tax_imovel_cidade":[7],"tax_imovel_opcoes":[],"class_list":["post-7613","cpt_imobiliaria","type-cpt_imobiliaria","status-publish","hentry","tax_imovel_finalidade-venda","tax_imovel_tipo-apartamentos","tax_imovel_cidade-santana-do-livramento"],"_links":{"self":[{"href":"http:\/\/www.brunetimoveis.com.br\/site\/wp-json\/wp\/v2\/imobiliaria\/7613","targetHints":{"allow":["GET"]}}],"collection":[{"href":"http:\/\/www.brunetimoveis.com.br\/site\/wp-json\/wp\/v2\/imobiliaria"}],"about":[{"href":"http:\/\/www.brunetimoveis.com.br\/site\/wp-json\/wp\/v2\/types\/cpt_imobiliaria"}],"wp:attachment":[{"href":"http:\/\/www.brunetimoveis.com.br\/site\/wp-json\/wp\/v2\/media?parent=7613"}],"wp:term":[{"taxonomy":"post_tag","embeddable":true,"href":"http:\/\/www.brunetimoveis.com.br\/site\/wp-json\/wp\/v2\/tags?post=7613"},{"taxonomy":"tax_imovel_finalidade","embeddable":true,"href":"http:\/\/www.brunetimoveis.com.br\/site\/wp-json\/wp\/v2\/tax_imovel_finalidade?post=7613"},{"taxonomy":"tax_imovel_cidade","embeddable":true,"href":"http:\/\/www.brunetimoveis.com.br\/site\/wp-json\/wp\/v2\/tax_imovel_cidade?post=7613"},{"taxonomy":"tax_imovel_opcoes","embeddable":true,"href":"http:\/\/www.brunetimoveis.com.br\/site\/wp-json\/wp\/v2\/tax_imovel_opcoes?post=7613"}],"curies":[{"name":"wp","href":"https:\/\/api.w.org\/{rel}","templated":true}]}}

✨ Apartamento 2 Dormitórios – Edifício Castro Alves ✨

<p>✨ Apartamento 2 Dormitórios – Edifício Castro Alves ✨</p>
<p>Excelente oportunidade para morar ou investir!<br />
Apartamento com:<br />
✅ 2 dormitórios<br />
✅ Cozinha com armários planejados<br />
✅ Área de serviço<br />
✅ Banheiro mobiliado<br />
✅ Sala de estar/jantar com lareira<br />
✅ Sacada com churrasqueira</p>
<p>📍 Localizado no Edifício Castro Alves. Apartamentos do prédio tem intensa procura, por se tratar de um prédio residencial e com ampla  infraestrutura de condomínio; </p>
<p>💰 Excelente aquisição para investidores: já está alugado por um ótimo valor, garantindo rentabilidade imediata!</p>
<p>👉 Agende já sua visita e conheça este imóvel que une conforto, praticidade e retorno financeiro!<br />
☎ Ligue e agende sua visita:<br />
Whatsapp:<br />
(55) 99982-1214 | Pablo Brunet<br />
(55) 98419-0094| Kateline Gomes<br />
(55) 99705-4202 | André Castro</p>
