{"id":8455,"date":"2026-04-24T10:32:49","date_gmt":"2026-04-24T13:32:49","guid":{"rendered":"https:\/\/www.brunetimoveis.com.br\/site\/?post_type=cpt_imobiliaria&#038;p=8455"},"modified":"2026-04-24T10:47:19","modified_gmt":"2026-04-24T13:47:19","slug":"%f0%9f%8f%99%ef%b8%8f-apartamento-2-dormitorios-com-sacada-e-churrasqueira-ed-castro-alves","status":"publish","type":"cpt_imobiliaria","link":"http:\/\/www.brunetimoveis.com.br\/site\/imobiliaria\/%f0%9f%8f%99%ef%b8%8f-apartamento-2-dormitorios-com-sacada-e-churrasqueira-ed-castro-alves\/","title":{"rendered":"Apartamento 2 Dormit\u00f3rios com Sacada e Churrasqueira &#8211; Ed. Castro Alves venda"},"content":{"rendered":"<p>\ud83c\udfd9\ufe0f Apartamento 2 Dormit\u00f3rios com Sacada e Churrasqueira &#8211; Ed. Castro Alves <\/p>\n<p>Conforto e praticidade em uma localiza\u00e7\u00e3o estrat\u00e9gica.<\/p>\n<p>Localizado na Rua Castro Alves, em uma rua tranquila, em bairro em constante desenvolvimento e pr\u00f3ximo ao centro \u2014 ideal para quem busca qualidade de vida com f\u00e1cil acesso \u00e0 cidade.<\/p>\n<p>Diferenciais do im\u00f3vel (6\u00ba andar):<br \/>\n\ud83d\udecf\ufe0f 2 dormit\u00f3rios<br \/>\n\ud83d\udcd0 67m\u00b2 de \u00e1rea privativa<br \/>\n\ud83d\udecb\ufe0f Sala de estar e jantar integradas<br \/>\n\ud83c\udf7d\ufe0f Cozinha com arm\u00e1rios sob medida<br \/>\n\ud83c\udf56 Churrasqueira na sacada<br \/>\n\ud83d\ude97 Vaga de garagem<br \/>\n\ud83d\udca1 Ambientes bem iluminados<br \/>\n\ud83e\ude91 M\u00f3veis planejados na cozinha<\/p>\n<p>Localiza\u00e7\u00e3o \u2013 Rua Castro Alves<br \/>\nRegi\u00e3o residencial valorizada, com crescimento constante e excelente infraestrutura ao redor. Pr\u00f3ximo a com\u00e9rcios, servi\u00e7os essenciais e com f\u00e1cil deslocamento ao centro da cidade, garantindo praticidade no dia a dia.<\/p>\n<p>Infraestrutura do condom\u00ednio:<br \/>\n\ud83c\udfca 2 piscinas<br \/>\n\ud83c\udf56 Sal\u00e3o de festas com churrasqueira<br \/>\n\ud83d\udecb\ufe0f Espa\u00e7o de conviv\u00eancia amplo, arejado e ao ar livre<\/p>\n<p>\ud83d\udcb0 Valor: R$ 450.000,00<\/p>\n<p>Im\u00f3vel completo em localiza\u00e7\u00e3o privilegiada.<\/p>\n","protected":false},"template":"","tags":[],"tax_imovel_finalidade":[2],"tax_imovel_cidade":[7],"tax_imovel_opcoes":[10,18,19],"class_list":["post-8455","cpt_imobiliaria","type-cpt_imobiliaria","status-publish","hentry","tax_imovel_finalidade-venda","tax_imovel_tipo-apartamentos","tax_imovel_cidade-santana-do-livramento","tax_imovel_opcoes-churrasqueira","tax_imovel_opcoes-moveis-sob-medida","tax_imovel_opcoes-sacada"],"_links":{"self":[{"href":"http:\/\/www.brunetimoveis.com.br\/site\/wp-json\/wp\/v2\/imobiliaria\/8455","targetHints":{"allow":["GET"]}}],"collection":[{"href":"http:\/\/www.brunetimoveis.com.br\/site\/wp-json\/wp\/v2\/imobiliaria"}],"about":[{"href":"http:\/\/www.brunetimoveis.com.br\/site\/wp-json\/wp\/v2\/types\/cpt_imobiliaria"}],"wp:attachment":[{"href":"http:\/\/www.brunetimoveis.com.br\/site\/wp-json\/wp\/v2\/media?parent=8455"}],"wp:term":[{"taxonomy":"post_tag","embeddable":true,"href":"http:\/\/www.brunetimoveis.com.br\/site\/wp-json\/wp\/v2\/tags?post=8455"},{"taxonomy":"tax_imovel_finalidade","embeddable":true,"href":"http:\/\/www.brunetimoveis.com.br\/site\/wp-json\/wp\/v2\/tax_imovel_finalidade?post=8455"},{"taxonomy":"tax_imovel_cidade","embeddable":true,"href":"http:\/\/www.brunetimoveis.com.br\/site\/wp-json\/wp\/v2\/tax_imovel_cidade?post=8455"},{"taxonomy":"tax_imovel_opcoes","embeddable":true,"href":"http:\/\/www.brunetimoveis.com.br\/site\/wp-json\/wp\/v2\/tax_imovel_opcoes?post=8455"}],"curies":[{"name":"wp","href":"https:\/\/api.w.org\/{rel}","templated":true}]}}

Apartamento 2 Dormitórios com Sacada e Churrasqueira &#8211; Ed. Castro Alves venda

<p>🏙️ Apartamento 2 Dormitórios com Sacada e Churrasqueira &#8211; Ed. Castro Alves </p>
<p>Conforto e praticidade em uma localização estratégica.</p>
<p>Localizado na Rua Castro Alves, em uma rua tranquila, em bairro em constante desenvolvimento e próximo ao centro — ideal para quem busca qualidade de vida com fácil acesso à cidade.</p>
<p>Diferenciais do imóvel (6º andar):<br />
🛏️ 2 dormitórios<br />
📐 67m² de área privativa<br />
🛋️ Sala de estar e jantar integradas<br />
🍽️ Cozinha com armários sob medida<br />
🍖 Churrasqueira na sacada<br />
🚗 Vaga de garagem<br />
💡 Ambientes bem iluminados<br />
🪑 Móveis planejados na cozinha</p>
<p>Localização – Rua Castro Alves<br />
Região residencial valorizada, com crescimento constante e excelente infraestrutura ao redor. Próximo a comércios, serviços essenciais e com fácil deslocamento ao centro da cidade, garantindo praticidade no dia a dia.</p>
<p>Infraestrutura do condomínio:<br />
🏊 2 piscinas<br />
🍖 Salão de festas com churrasqueira<br />
🛋️ Espaço de convivência amplo, arejado e ao ar livre</p>
<p>💰 Valor: R$ 450.000,00</p>
<p>Imóvel completo em localização privilegiada.</p>
