{"id":8473,"date":"2026-04-24T10:44:13","date_gmt":"2026-04-24T13:44:13","guid":{"rendered":"https:\/\/www.brunetimoveis.com.br\/site\/?post_type=cpt_imobiliaria&#038;p=8473"},"modified":"2026-04-24T10:44:13","modified_gmt":"2026-04-24T13:44:13","slug":"%f0%9f%8f%99%ef%b8%8f-alto-padrao-no-centro-247m%c2%b2-3-dorm-suite-com-closet-venda","status":"publish","type":"cpt_imobiliaria","link":"http:\/\/www.brunetimoveis.com.br\/site\/imobiliaria\/%f0%9f%8f%99%ef%b8%8f-alto-padrao-no-centro-247m%c2%b2-3-dorm-suite-com-closet-venda\/","title":{"rendered":"\ud83c\udfd9\ufe0f Alto Padr\u00e3o no Centro | 247m\u00b2 | 3 Dorm (Su\u00edte com Closet) venda"},"content":{"rendered":"<p>\ud83c\udfd9\ufe0f Alto Padr\u00e3o no Centro | 247m\u00b2 | 3 Dorm (Su\u00edte com Closet)<br \/>\nA seguran\u00e7a de um apartamento com a privacidade de uma casa \u2014 e o melhor: sem custo de condom\u00ednio.<br \/>\n\u2728 Diferenciais do im\u00f3vel:<br \/>\n\ud83d\udcd0 247m\u00b2 de \u00e1rea total<br \/>\n\ud83d\udecf\ufe0f 3 dormit\u00f3rios amplos (sendo 1 su\u00edte com closet)<br \/>\n\ud83d\udd25 Sala com lareira<br \/>\n\ud83c\udf7d\ufe0f Cozinha ampla com churrasqueira<br \/>\n\ud83d\udca7 \u00c1gua quente em todas as torneiras, inclusive na cozinha<br \/>\n\ud83e\uddfa Lavanderia independente<br \/>\n\ud83c\udf3f Amplo terra\u00e7o, ideal para lazer e conviv\u00eancia<br \/>\n\ud83d\ude97 Garagem para 2 carros<br \/>\n\ud83d\udccd Localiza\u00e7\u00e3o: Centro \u2014 pr\u00f3ximo a tudo, com praticidade no dia a dia.<br \/>\n\ud83d\udcb0 Valor: R$ 1.540.000,00<br \/>\n\ud83d\udcac Um im\u00f3vel \u00fanico, que entrega espa\u00e7o, conforto e exclusividade no centro da cidade.<\/p>\n","protected":false},"template":"","tags":[],"tax_imovel_finalidade":[2],"tax_imovel_cidade":[7],"tax_imovel_opcoes":[10,11,19,17],"class_list":["post-8473","cpt_imobiliaria","type-cpt_imobiliaria","status-publish","hentry","tax_imovel_finalidade-venda","tax_imovel_tipo-apartamentos","tax_imovel_cidade-santana-do-livramento","tax_imovel_opcoes-churrasqueira","tax_imovel_opcoes-lareira","tax_imovel_opcoes-sacada","tax_imovel_opcoes-suite"],"_links":{"self":[{"href":"http:\/\/www.brunetimoveis.com.br\/site\/wp-json\/wp\/v2\/imobiliaria\/8473","targetHints":{"allow":["GET"]}}],"collection":[{"href":"http:\/\/www.brunetimoveis.com.br\/site\/wp-json\/wp\/v2\/imobiliaria"}],"about":[{"href":"http:\/\/www.brunetimoveis.com.br\/site\/wp-json\/wp\/v2\/types\/cpt_imobiliaria"}],"wp:attachment":[{"href":"http:\/\/www.brunetimoveis.com.br\/site\/wp-json\/wp\/v2\/media?parent=8473"}],"wp:term":[{"taxonomy":"post_tag","embeddable":true,"href":"http:\/\/www.brunetimoveis.com.br\/site\/wp-json\/wp\/v2\/tags?post=8473"},{"taxonomy":"tax_imovel_finalidade","embeddable":true,"href":"http:\/\/www.brunetimoveis.com.br\/site\/wp-json\/wp\/v2\/tax_imovel_finalidade?post=8473"},{"taxonomy":"tax_imovel_cidade","embeddable":true,"href":"http:\/\/www.brunetimoveis.com.br\/site\/wp-json\/wp\/v2\/tax_imovel_cidade?post=8473"},{"taxonomy":"tax_imovel_opcoes","embeddable":true,"href":"http:\/\/www.brunetimoveis.com.br\/site\/wp-json\/wp\/v2\/tax_imovel_opcoes?post=8473"}],"curies":[{"name":"wp","href":"https:\/\/api.w.org\/{rel}","templated":true}]}}

🏙️ Alto Padrão no Centro | 247m² | 3 Dorm (Suíte com Closet) venda

<p>🏙️ Alto Padrão no Centro | 247m² | 3 Dorm (Suíte com Closet)<br />
A segurança de um apartamento com a privacidade de uma casa — e o melhor: sem custo de condomínio.<br />
✨ Diferenciais do imóvel:<br />
📐 247m² de área total<br />
🛏️ 3 dormitórios amplos (sendo 1 suíte com closet)<br />
🔥 Sala com lareira<br />
🍽️ Cozinha ampla com churrasqueira<br />
💧 Água quente em todas as torneiras, inclusive na cozinha<br />
🧺 Lavanderia independente<br />
🌿 Amplo terraço, ideal para lazer e convivência<br />
🚗 Garagem para 2 carros<br />
📍 Localização: Centro — próximo a tudo, com praticidade no dia a dia.<br />
💰 Valor: R$ 1.540.000,00<br />
💬 Um imóvel único, que entrega espaço, conforto e exclusividade no centro da cidade.</p>
